on factor of m and v.
19
Let u = -94 - -118. Calculate the highest common divisor of 16 and u.
8
Let s be ((-3)/6)/(3/(-2112)). Suppose c - 3*c = -s. Calculate the greatest common factor of c and 22.
22
Let k(c) = 2*c + 10. Let g be k(-8). Let o(l) = -3*l. Let y be o(g). Calculate the greatest common divisor of 12 and y.
6
Let s(x) = -x - 1. Let w be s(-5). Let u be 1/(w/12) + 7. Calculate the highest common factor of 20 and u.
10
Let k = 60 - 11. Suppose 0 = 21*q - 20*q - 7. Calculate the highest common divisor of k and q.
7
Let p be 12 - -101 - (-2)/2. What is the greatest common factor of 19 and p?
19
Suppose -3 = -3*g + 6. Suppose 128 = -0*q + 3*q + 4*b, 0 = 5*q + g*b - 206. What is the highest common divisor of 16 and q?
8
Let z be (6/3)/(3/6). Suppose -2*x - 2*w = 4, -z*w = -x - x - 16. Let s = 0 - x. What is the highest common divisor of s and 1?
1
Let c be (-1)/(-6 - -3)*27. Suppose 0 = -c*y + 10*y - 32. Calculate the highest common divisor of y and 352.
32
Suppose -o + 64 = o. Let j be 1/(-1 + o/30). Calculate the highest common factor of j and 3.
3
Let o(l) = l**3 + 5*l**2 + 3*l + 4. Let q be o(-3). Suppose 4*i - 40 - 272 = 0. What is the highest common factor of i and q?
13
Let y be 36/(-4)*1/(-3). Suppose -y*r - r + 792 = 0. Suppose 14 = i - 4*g, 0*g - g + 24 = i. What is the highest common divisor of i and r?
22
Suppose 0 = -4*v - 2*t + t + 139, t = 5*v - 185. Calculate the highest common factor of v and 18.
18
Suppose -4*x = -5*w + 20 + 11, 8 = w + x. Suppose t + w = 114. Let a = t + -69. What is the greatest common factor of a and 19?
19
Let f = 22 + -10. Let w(s) = -4*s - 3 - s - 5*s**3 + 4*s - 3*s**2. Let m be w(-3). What is the greatest common divisor of f and m?
12
Let q(x) = -9*x - 10. Let u be q(-6). Let g be (9/6)/(6/u). Calculate the highest common divisor of 11 and g.
11
Suppose 5*b + 60 = 4*k, 0 = 4*k + 5*b - 2*b - 28. Let h be 5*4*(10 - 8). What is the greatest common factor of k and h?
10
Let q = -7 + 17. Suppose w - 3 = 2. Calculate the greatest common factor of w and q.
5
Let b be (-2)/(-7) + (-5)/(-7). Suppose 3*t - t + 16 = 0. Let d = t - -13. Calculate the greatest common divisor of d and b.
1
Suppose 0 = 3*p + 6, p = r - 6 - 5. What is the greatest common divisor of r and 36?
9
Let d be (-18)/8 - (-3)/12. Let f = d + 3. Let b be 9 + (f - (-3 + 5)). Calculate the highest common factor of b and 88.
8
Let k be (-1)/(-2) - 45/6. Let s = 8 + k. Let n be -1 - (10*-2 - s). Calculate the greatest common divisor of 2 and n.
2
Let z be (-3492)/(-20) + 4/10. Let d(k) = 4*k + 1. Let q be d(6). What is the greatest common divisor of q and z?
25
Let n = 89 - 59. Calculate the greatest common factor of 210 and n.
30
Suppose 3*y = -5*x + 16 + 4, 0 = -4*x + y - 1. Let t be 2*x*(-1 + 0). Let v = t - -32. Calculate the highest common factor of 20 and v.
10
Let o(m) = m**2 + m. Let l be o(-9). Calculate the greatest common divisor of 48 and l.
24
Suppose -67 = -k - 16. Suppose -4*c + 4 = 0, -n + 0*c = -3*c + 4. Let b be n/(-4) + 135/4. What is the greatest common factor of b and k?
17
Let x = -13 + 14. Let g(m) = -m**3 - m**2 - m + 1. Let q be g(0). What is the greatest common divisor of x and q?
1
Suppose -4*q + 34 = -5*t, -t + 18 = 2*q - 4*t. Calculate the highest common divisor of 3 and q.
3
Let u(r) = -7*r + 0 + 5*r + 2. Suppose -s - 6 = s. Let n be u(s). What is the greatest common divisor of 8 and n?
8
Let a be (0 - (-3)/(-2))*-2. Suppose 4*v + a*c = 0, -3*v - 4*c - 11 = -4. Suppose -2*k + 5*k - 99 = 0. What is the greatest common divisor of k and v?
3
Suppose 46 = -2*g + 3*g + u, -84 = -2*g - 4*u. Let i = -33 + g. What is the highest common factor of 17 and i?
17
Let z be 5/(-5) + 1 + 16*6. Calculate the greatest common factor of 36 and z.
12
Suppose -2*x + 4*x + 3*d + 1 = 0, 3*d = 3. Let u be 34 + -1 + 2/x. Calculate the highest common factor of u and 4.
4
Let f be 0 + (19 - -3 - 1). Suppose -3*n - 6 + 48 = 0. Calculate the highest common divisor of n and f.
7
Let q = 14 - 9. Let m be (2 - 6/4)*10. What is the greatest common factor of m and q?
5
Let y(m) = m**2 + 2*m - 3. Let c be y(2). Suppose 0 = -2*u + 3*q + 145, -u = -4*u + c*q + 215. Calculate the greatest common factor of u and 16.
16
Let i be (10/5)/(4/22). What is the greatest common factor of i and 1?
1
Let s = 6 - 4. Suppose 0 = -s*j + 7*j - 560. Calculate the highest common divisor of 14 and j.
14
Let u(r) = -r**3 - 4*r**2 - 9*r - 3. Let g be u(-4). Calculate the greatest common divisor of g and 11.
11
Suppose -2*m + 8 = 4. Suppose -4*a + 20 = 2*k + m*k, 3*k = 2*a + 35. Suppose -27 = -3*h - k. Calculate the highest common divisor of h and 48.
6
Let r = 73 - 41. Suppose -z + r = z - 3*v, 4*v = -16. What is the greatest common divisor of z and 15?
5
Let i be 297/(-6)*6/(-9). What is the highest common divisor of i and 22?
11
Let v be 1 - 48/(-3 - 0). Calculate the greatest common divisor of 136 and v.
17
Let j be (7 - (4 + -8)) + -4. What is the greatest common factor of 35 and j?
7
Let o = 20 - -1. Suppose b + o = 4*b. Suppose p + b = 2*p. What is the greatest common divisor of p and 14?
7
Let w = 26 + 62. Suppose 4*b - 3 = r - 2, -3*b = -r + 2. Calculate the greatest common divisor of r and w.
11
Let a = 3 - -6. Let r(t) = t**2 - 8*t + 12. Let p be r(a). What is the highest common divisor of 189 and p?
21
Let h be 0/(2 + 0/(-2)). Let l(j) = j**2 + j + 14. Let b be l(h). What is the greatest common factor of 21 and b?
7
Let q(z) = -z**2 + 37*z - 76. Let m be q(32). Calculate the highest common divisor of 28 and m.
28
Let r be 2 - 1 - (4 + -18). Suppose -105 = f - 2*f. What is the highest common divisor of r and f?
15
Let o be 131/4 - 9/(-36). Suppose -4*h = -5*m + o, -12 = -4*m - 2*h - 2*h. What is the greatest common factor of 20 and m?
5
Let r be (68/(-10))/(6/(-15)). Calculate the highest common divisor of 153 and r.
17
Let w(p) = p**3 - 8*p**2 + 10. Let m be w(8). Suppose -7*q = -m*q + 231. What is the highest common divisor of 11 and q?
11
Let i(k) = k + 31. Let w be i(-16). What is the greatest common divisor of w and 105?
15
Suppose 0 = 9*c - 7*c - 50. What is the greatest common divisor of 5 and c?
5
Suppose -333 = -5*j + 3*n, -5*j + 0*n - 3*n = -357. What is the greatest common divisor of 23 and j?
23
Let s(m) = -m**3 - 2*m**2 + 5*m - 2. Let h be s(-4). Let x be 2/h - 202/10. Let k = x - -38. What is the highest common divisor of k and 27?
9
Let v(n) = 7*n**2 + 3*n + 2. Let p be v(-2). Calculate the highest common factor of 6 and p.
6
Suppose -5*b = -m + 19, -3*m + 34 = m + b. Let u be (153/(-6))/(m/(-12)). What is the greatest common factor of 85 and u?
17
Let i = -17 - -31. Calculate the greatest common divisor of 70 and i.
14
Suppose 3*o + 34 = 10. Suppose -r - 21 = 2*r. Let g = r - o. Calculate the greatest common divisor of 9 and g.
1
Let i = -246 + 125. Let n = 169 + i. What is the greatest common factor of n and 12?
12
Suppose 0 = 7*t - 2*t - 35. Let d be 2/4*2*0. Suppose -5*q + 3*s = 2*s - 38, d = 4*s + 12. What is the greatest common factor of q and t?
7
Let r(u) = -u + 31. Let z be r(5). What is the highest common factor of 13 and z?
13
Let h = -44 - -187. Let g be (3/(-2))/((-57)/494). Calculate the greatest common divisor of g and h.
13
Suppose 2*b + 28 = 80. Suppose -b = -4*u + 22. Suppose -z = -56 - 4. What is the highest common divisor of z and u?
12
Let w(v) = -v**3 - 4*v**2 - 2*v - 2. Let j be w(-5). Suppose 10 = 4*g - 2. Calculate the greatest common divisor of g and j.
3
Let q = 42 + -72. Let f be q/4*32/(-6). Calculate the highest common factor of f and 20.
20
Suppose -3*h = 4*c - 104, c - 5*h = -3*c + 136. Suppose c - 11 = j. Calculate the greatest common factor of 162 and j.
18
Suppose 0 = 7*x - 11*x + 16. Suppose 74 = 5*k - 26. Calculate the greatest common factor of k and x.
4
Suppose -s + 2*b - 11 + 3 = 0, -3*b = 5*s - 25. What is the greatest common factor of 16 and s?
2
Let c = 91 + -59. Suppose 5*h = m + c, -4*h + 15 = -4*m - 1. Calculate the greatest common divisor of 49 and h.
7
Let l(w) = w - 3. Let r be l(8). Suppose 0 = -r*n - 20, -a = a + 2*n + 14. Let m(c) = -21*c - 3. Let o be m(a). What is the highest common divisor of 12 and o?
12
Suppose 0 = -4*i - 4*r + 40, -2*r = 3*i + 11 - 37. Suppose -3*c = -i*c + 18. Supp